08 and f?
26
Let m(g) = -g**3 + 11*g**2 - 9*g - 2. Let r be m(10). Let j be 3/(((-6)/3)/(r/6)). Let h be 6*(j + (-69)/(-6)). What is the greatest common divisor of h and 19?
19
Let p(f) = 4*f - 8. Let k be p(7). Suppose -14*s + 10*s = -k. Let u be 12/30 + (-1 - (-223)/s). Calculate the highest common factor of u and 11.
11
Let k(i) = 43*i + 12. Let h be k(4). Let g = h + -144. What is the highest common factor of g and 15?
5
Let s(f) = 8*f**2 + 26*f + 81. Let k be s(-4). Let j(v) = v**3 + 49*v**2 + 92*v - 52. Let p be j(-47). Calculate the highest common divisor of p and k.
21
Let c = -10 - -13. Suppose 12 = 3*d - 3*s, 0 = -c*s - 3. Suppose -300 = -9*f + d*f. Calculate the greatest common factor of 550 and f.
50
Suppose -629 = -3*i - i + 5*o, -5*o = 2*i - 337. Let r be (-10100)/(-45) + 10/(-135)*6. Suppose 11*k = r + i. What is the greatest common divisor of 315 and k?
35
Let w(a) = a - 191. Let k be w(38). Let u = k - -185. Calculate the greatest common divisor of u and 208.
16
Let j = -28 - -32. Let d(p) = p**3 - 18*p**2 + 33*p + 12. Let a be d(16). What is the greatest common divisor of j and a?
4
Suppose -3*h = 2*w - 148 + 860, -2*h + 3*w = 466. Let r = h + 278. Calculate the greatest common divisor of 154 and r.
14
Suppose 8*f = 80 - 32. Let n be (2 - 153/(-18))*f. Calculate the greatest common factor of n and 117.
9
Suppose 0 = 15*b - 16*b + 45. Suppose 160 = m + 5*t, -4*m + b*t + 657 = 48*t. Calculate the highest common factor of m and 15.
15
Suppose 0 = -3*i - 2*i + 30. Let f be (-99)/i*(-70)/21. Let w = -49 + f. Calculate the greatest common factor of w and 9.
3
Suppose 287455 = 123*q + 68*q. Calculate the greatest common divisor of 45 and q.
5
Suppose 32 + 3 = 5*b + 3*t, 3*b - 7 = t. Suppose -16*a + 88 = -200. Suppose b*w = 90 - a. What is the greatest common factor of 12 and w?
6
Let z = -247 + 172. Let h be (-8)/6*(-4)/(-16)*z. What is the greatest common divisor of h and 100?
25
Let m(w) = -w**2 - 24*w + 47. Let d = -128 - -389. Suppose -10*o - d = -51. Let f be m(o). Calculate the highest common factor of 10 and f.
10
Let w be 8 + (1/3)/((-20)/(-1020)). What is the highest common factor of w and 1300?
25
Let r(l) be the second derivative of -l**5/20 - 4*l**4/3 - 14*l**3/3 - 48*l**2 + 19*l - 2. Let h be r(-16). What is the highest common divisor of h and 32?
32
Suppose -5*o + 2 = -f + 8, -f - 4 = 5*o. Let w be ((-30)/(-4))/(o/(-4)). Suppose 7*v + 28*v = 420. What is the greatest common divisor of v and w?
6
Let g = -1007 - -1009. Suppose 0 = 13*d - g*d - 132. Let x = 82 + -52. What is the highest common divisor of x and d?
6
Let h be (1/(-2))/((-1)/12). Let i(t) = -t**3 - 6*t**2 + 13*t + 13. Let s be i(-9). Let c = s + -137. What is the greatest common factor of h and c?
2
Suppose 0*l = -4*l + 20. Let w be (-2)/l + (-82)/(-5). Suppose 3*h + c + 1 = 11, -12 = -5*h - 4*c. What is the greatest common factor of h and w?
4
Suppose -2*p + 3*u + 551 = -0*p, 0 = -5*p + 3*u + 1373. Let l = -226 + p. Calculate the greatest common divisor of l and 64.
16
Let l = -5861 + 6461. Calculate the highest common divisor of 180 and l.
60
Let y = -29806 - -29869. Calculate the greatest common factor of 273 and y.
21
Suppose 0*m = -3*m + 357. Suppose 23 = -3151*k + 3150*k + 4*l, -2*l + 43 = k. What is the highest common factor of m and k?
7
Suppose -10*y + y + 144 = 0. Let k be 225/(-6)*1/((-12)/y). Calculate the highest common divisor of 2 and k.
2
Let s = 2115 + -1086. What is the greatest common factor of 7 and s?
7
Let m(b) = -b**2 - 16*b + 1321. Let s be m(-37). What is the greatest common factor of s and 9928?
136
Suppose 43 = -10*c + 283. Suppose 1563 = 9*d - 57. Calculate the highest common factor of c and d.
12
Suppose 0 = -4*a + 2*f + 47366, 3*a - 2515*f + 2510*f = 35500. Calculate the greatest common divisor of a and 115.
115
Let v be (-4)/((-32)/248) + -7. Suppose -32 - v = -7*x. Calculate the greatest common divisor of 88 and x.
8
Let v(m) = -m**2 - 47*m - 466. Let p be v(-29). What is the highest common factor of 15512 and p?
56
Let i(d) = d**2 - 25*d + 139. Let j be i(7). Suppose 3 = 2*y + 9. Let k be y/(-4)*468/3. What is the greatest common factor of k and j?
13
Let q be 769 - 6*(-4 + ((-155)/(-30) - 1)). What is the greatest common divisor of 24 and q?
24
Suppose 9*o - 4043 = 2*o - 1026. Calculate the greatest common divisor of o and 1.
1
Let n be 18/30 - 139*15/(-25). Suppose b - 230 = -3*k + 3, 5*b - 1135 = -5*k. Calculate the highest common divisor of b and n.
28
Suppose -48*z - 77*z + 5796 = -33*z. What is the highest common factor of 36 and z?
9
Suppose -1649 = 16*z - 1889. What is the highest common factor of z and 605?
5
Let b be (-18)/8*(2 - -2). Let r be (-1)/(-2)*(-5112)/b. Suppose 5*f + 191 = 2*o, f + 63 = -2*o + r. Calculate the greatest common factor of o and 12.
12
Let f be ((-8)/6)/(-8*12/2160). What is the highest common divisor of f and 1875?
15
Suppose -76 = -0*b - 4*b. Let v = b - 13. Let t be 78 - (-4 - -47) - (0 + -1). What is the highest common divisor of t and v?
6
Suppose -3*w + 36 = -4*w. Let f = w - -65. Calculate the highest common factor of f and 116.
29
Suppose 0 = -121*h + 132*h - 6169 - 35. What is the highest common divisor of 30 and h?
6
Suppose 0 = 2*a + 10, -4*u = -0*u - a - 117. Suppose -924 = -72*o + 50*o. What is the highest common factor of u and o?
14
Let c be ((-74)/(-3))/((-10)/(-1800) - 0). Suppose -c = -70*j + 180. What is the highest common factor of 429 and j?
33
Suppose 4*v = 9*v - 10. Let u be 15/(v/(-7 - -9)). Calculate the greatest common factor of u and 195.
15
Suppose -851 = -2*r - f, 12*r - 14*r + 7*f = -843. What is the greatest common divisor of r and 1105?
85
Let w(h) = -23*h - 39. Let g be w(-3). Suppose 5*c - 79 = -4*o, 0 = -c - 5*o - 0*o + 20. Calculate the highest common factor of g and c.
15
Suppose 19*p - 3*q + 22 = 20*p, 4*p = 4*q + 24. Calculate the highest common factor of 3725 and p.
5
Suppose 5*w - 26 + 11 = 0. Let n be 32 + w/(-6)*-6. Let f be ((-1)/3)/(-7 + 2051/294). What is the greatest common factor of f and n?
7
Suppose -11*b + 3*b + 8495 = -39713. What is the highest common divisor of b and 46?
46
Let w be (-21)/(-5) - (120/(-25))/6. Let y(s) = 4*s**2 - 6*s + 2. Let k be y(w). Let l = 8 - -1. Calculate the highest common divisor of l and k.
9
Let l = 31 + -7. Suppose -2*b - 417 = 5*w, -4*w + b - 26 - 318 = 0. Let o be (-17)/w - (-58)/10. What is the highest common factor of l and o?
6
Suppose -1601*u + 6 = -1604*u. Let h be u/(-5) + 264/40. Calculate the greatest common divisor of h and 91.
7
Suppose 0 = -3*v + 33 + 21. Suppose 5*m - 1 = 9. Suppose 2*i = 5*d + 165, m*d - 456 = -2*i - 3*i. What is the highest common divisor of i and v?
18
Let o = -17 - -24. Let t be 7/((0 + -1)/((-3)/3)). Let i(c) = c - 6. Let w be i(t). Calculate the highest common factor of o and w.
1
Let x be (-33930)/(-40) + -3 - (-7)/4. Calculate the greatest common factor of 11 and x.
11
Suppose 64*k - 557 - 3851 = 35*k. What is the highest common divisor of 64 and k?
8
Suppose 0 = -u - g + 16497, u - 4*g - 3430 - 13057 = 0. Calculate the greatest common divisor of u and 5.
5
Suppose 34*m - 109 - 945 = -28*m. Let r(p) = 6*p - 8. Let a be r(7). Calculate the highest common divisor of a and m.
17
Suppose c + 976 = 5*v + 36, 5*c - 592 = -3*v. What is the greatest common factor of v and 63?
63
Let m = 6849 + -6846. Calculate the highest common factor of 109 and m.
1
Let n(a) = 61*a - 5. Let k be n(4). Let d = k + -208. What is the greatest common factor of 341 and d?
31
Let r = -2077 + 2213. Calculate the greatest common divisor of r and 152.
8
Suppose 100 = -4*k + 3*g, 6*g + 90 = -5*k + g. Let j be (-3948)/(-308) - 4/k. Calculate the highest common divisor of 247 and j.
13
Suppose -p = p - 10, -4*b + 98 = -2*p. Let d be (-6)/8 - 185/20. Let s be (-45)/d*16/4. What is the highest common factor of b and s?
9
Suppose -11*j - 152 - 211 = 0. Let y = j + 43. Calculate the highest common factor of 310 and y.
10
Suppose 3*c + 5*z = 5277, 454*z - 3519 = -2*c + 451*z. What is the highest common factor of 108 and c?
36
Let j(k) = 4*k**2 + 2*k - 9. Let p be j(2). Suppose 8*i = p*i - 135. Calculate the highest common factor of i and 315.
45
Suppose 4*w = -11*w + 30. Let v be (-5720)/132*(48/(-10))/w. 